{"id":17,"date":"2024-06-11T07:14:44","date_gmt":"2024-06-11T07:14:44","guid":{"rendered":"https:\/\/exwpcoder.com\/CafeEpicure\/?page_id=17"},"modified":"2025-10-10T15:43:52","modified_gmt":"2025-10-10T15:43:52","slug":"home","status":"publish","type":"page","link":"https:\/\/xn--pay-dma.ar\/","title":{"rendered":"Home"},"content":{"rendered":"\t\t<div data-elementor-type=\"wp-page\" data-elementor-id=\"17\" class=\"elementor elementor-17\" data-elementor-post-type=\"page\">\n\t\t\t\t<div class=\"elementor-element elementor-element-8b9b7ef e-con-full e-flex e-con e-parent\" data-id=\"8b9b7ef\" data-element_type=\"container\" data-settings=\"{&quot;background_background&quot;:&quot;slideshow&quot;,&quot;background_slideshow_gallery&quot;:[{&quot;id&quot;:833,&quot;url&quot;:&quot;https:\\\/\\\/xn--pay-dma.ar\\\/wp-content\\\/uploads\\\/2024\\\/06\\\/WhatsApp-Image-2025-05-18-at-15.19.07.jpeg&quot;},{&quot;id&quot;:711,&quot;url&quot;:&quot;https:\\\/\\\/xn--pay-dma.ar\\\/wp-content\\\/uploads\\\/2025\\\/05\\\/20201120_193021-scaled.jpg&quot;},{&quot;id&quot;:677,&quot;url&quot;:&quot;https:\\\/\\\/xn--pay-dma.ar\\\/wp-content\\\/uploads\\\/2025\\\/05\\\/20200211_201036-scaled.jpg&quot;},{&quot;id&quot;:613,&quot;url&quot;:&quot;https:\\\/\\\/xn--pay-dma.ar\\\/wp-content\\\/uploads\\\/2025\\\/05\\\/20200221_191645-scaled.jpg&quot;}],&quot;background_slideshow_slide_transition&quot;:&quot;slide_left&quot;,&quot;background_slideshow_slide_duration&quot;:4998,&quot;background_slideshow_loop&quot;:&quot;yes&quot;,&quot;background_slideshow_transition_duration&quot;:500}\">\n\t\t\t\t<div class=\"elementor-element elementor-element-bd58fba elementor-invisible elementor-widget elementor-widget-heading\" data-id=\"bd58fba\" data-element_type=\"widget\" data-settings=\"{&quot;_animation&quot;:&quot;fadeInRight&quot;}\" data-widget_type=\"heading.default\">\n\t\t\t\t<div class=\"elementor-widget-container\">\n\t\t\t\t\t<h2 class=\"elementor-heading-title elementor-size-default\">Corrientes tiene Pay\u00e9<\/h2>\t\t\t\t<\/div>\n\t\t\t\t<\/div>\n\t\t<div class=\"elementor-element elementor-element-9110ada e-flex e-con-boxed e-con e-child\" data-id=\"9110ada\" data-element_type=\"container\">\n\t\t\t\t\t<div class=\"e-con-inner\">\n\t\t\t\t<div class=\"elementor-element elementor-element-8cc9a4f elementor-widget__width-initial elementor-invisible elementor-widget elementor-widget-text-editor\" data-id=\"8cc9a4f\" data-element_type=\"widget\" data-settings=\"{&quot;_animation&quot;:&quot;fadeInRight&quot;}\" data-widget_type=\"text-editor.default\">\n\t\t\t\t<div class=\"elementor-widget-container\">\n\t\t\t\t\t\t\t\t\t<div><br><\/div>\n<div>En el coraz\u00f3n del litoral nace un alfajor distinto. &nbsp;Hecho a mano, con ingredientes nobles y sabores que cuentan historias: dulce de leche, mam\u00f3n, mandarina, yerba mate. Cada bocado es una conexi\u00f3n con lo nuestro, con lo que emociona.&nbsp;<\/div>\n<div>Pay\u00e9 es magia correntina hecha alfajor.<br><\/div>\t\t\t\t\t\t\t\t<\/div>\n\t\t\t\t<\/div>\n\t\t\t\t\t<\/div>\n\t\t\t\t<\/div>\n\t\t\t\t<\/div>\n\t\t<div class=\"elementor-element elementor-element-21accdb e-con-full e-flex e-con e-parent\" data-id=\"21accdb\" data-element_type=\"container\">\n\t\t<div class=\"elementor-element elementor-element-4937d61 e-con-full e-flex e-con e-child\" data-id=\"4937d61\" data-element_type=\"container\">\n\t\t<div class=\"elementor-element elementor-element-534dea5 e-con-full e-flex e-con e-child\" data-id=\"534dea5\" data-element_type=\"container\" data-settings=\"{&quot;animation&quot;:&quot;none&quot;}\">\n\t\t<div class=\"elementor-element elementor-element-581e88a e-con-full e-flex elementor-invisible e-con e-child\" data-id=\"581e88a\" data-element_type=\"container\" data-settings=\"{&quot;animation&quot;:&quot;fadeInDown&quot;}\">\n\t\t\t\t<div class=\"elementor-element elementor-element-8d292fe elementor-widget elementor-widget-text-editor\" data-id=\"8d292fe\" data-element_type=\"widget\" data-widget_type=\"text-editor.default\">\n\t\t\t\t<div class=\"elementor-widget-container\">\n\t\t\t\t\t\t\t\t\t<p>Cada rinc\u00f3n de Corrientes guarda un encanto especial, una historia, un secreto, que solo quienes andan esta tierra pueden sentir. Eso es pay\u00e9: un tributo a nuestras ra\u00edces convertido en alfajor. Elaborado de manera artesanal por manos correntinas.<span class=\"Apple-converted-space\">\u00a0<\/span><\/p>\t\t\t\t\t\t\t\t<\/div>\n\t\t\t\t<\/div>\n\t\t\t\t<div class=\"elementor-element elementor-element-5e20bf8 elementor-widget__width-initial elementor-widget elementor-widget-heading\" data-id=\"5e20bf8\" data-element_type=\"widget\" data-widget_type=\"heading.default\">\n\t\t\t\t<div class=\"elementor-widget-container\">\n\t\t\t\t\t<h2 class=\"elementor-heading-title elementor-size-default\">El sabor de lo nuestro<\/h2>\t\t\t\t<\/div>\n\t\t\t\t<\/div>\n\t\t\t\t<\/div>\n\t\t<div class=\"elementor-element elementor-element-533be33 e-con-full e-flex elementor-invisible e-con e-child\" data-id=\"533be33\" data-element_type=\"container\" data-settings=\"{&quot;animation&quot;:&quot;rotateIn&quot;}\">\n\t\t\t\t<div class=\"elementor-element elementor-element-88a3e0f elementor-widget__width-auto animated-fast e-transform e-transform e-transform e-transform elementor-invisible elementor-widget elementor-widget-image\" data-id=\"88a3e0f\" data-element_type=\"widget\" data-settings=\"{&quot;_animation&quot;:&quot;fadeInDown&quot;,&quot;_transform_rotateZ_effect&quot;:{&quot;unit&quot;:&quot;px&quot;,&quot;size&quot;:0,&quot;sizes&quot;:[]},&quot;_transform_rotateZ_effect_tablet&quot;:{&quot;unit&quot;:&quot;deg&quot;,&quot;size&quot;:&quot;&quot;,&quot;sizes&quot;:[]},&quot;_transform_rotateZ_effect_mobile&quot;:{&quot;unit&quot;:&quot;deg&quot;,&quot;size&quot;:&quot;&quot;,&quot;sizes&quot;:[]},&quot;_transform_translateX_effect&quot;:{&quot;unit&quot;:&quot;px&quot;,&quot;size&quot;:&quot;&quot;,&quot;sizes&quot;:[]},&quot;_transform_translateX_effect_tablet&quot;:{&quot;unit&quot;:&quot;px&quot;,&quot;size&quot;:&quot;&quot;,&quot;sizes&quot;:[]},&quot;_transform_translateX_effect_mobile&quot;:{&quot;unit&quot;:&quot;px&quot;,&quot;size&quot;:&quot;&quot;,&quot;sizes&quot;:[]},&quot;_transform_translateY_effect&quot;:{&quot;unit&quot;:&quot;px&quot;,&quot;size&quot;:&quot;&quot;,&quot;sizes&quot;:[]},&quot;_transform_translateY_effect_tablet&quot;:{&quot;unit&quot;:&quot;px&quot;,&quot;size&quot;:&quot;&quot;,&quot;sizes&quot;:[]},&quot;_transform_translateY_effect_mobile&quot;:{&quot;unit&quot;:&quot;px&quot;,&quot;size&quot;:&quot;&quot;,&quot;sizes&quot;:[]},&quot;_transform_scaleX_effect&quot;:{&quot;unit&quot;:&quot;px&quot;,&quot;size&quot;:&quot;&quot;,&quot;sizes&quot;:[]},&quot;_transform_scaleX_effect_tablet&quot;:{&quot;unit&quot;:&quot;px&quot;,&quot;size&quot;:&quot;&quot;,&quot;sizes&quot;:[]},&quot;_transform_scaleX_effect_mobile&quot;:{&quot;unit&quot;:&quot;px&quot;,&quot;size&quot;:&quot;&quot;,&quot;sizes&quot;:[]},&quot;_transform_scaleY_effect&quot;:{&quot;unit&quot;:&quot;px&quot;,&quot;size&quot;:&quot;&quot;,&quot;sizes&quot;:[]},&quot;_transform_scaleY_effect_tablet&quot;:{&quot;unit&quot;:&quot;px&quot;,&quot;size&quot;:&quot;&quot;,&quot;sizes&quot;:[]},&quot;_transform_scaleY_effect_mobile&quot;:{&quot;unit&quot;:&quot;px&quot;,&quot;size&quot;:&quot;&quot;,&quot;sizes&quot;:[]},&quot;_transform_skewX_effect&quot;:{&quot;unit&quot;:&quot;px&quot;,&quot;size&quot;:&quot;&quot;,&quot;sizes&quot;:[]},&quot;_transform_skewX_effect_tablet&quot;:{&quot;unit&quot;:&quot;deg&quot;,&quot;size&quot;:&quot;&quot;,&quot;sizes&quot;:[]},&quot;_transform_skewX_effect_mobile&quot;:{&quot;unit&quot;:&quot;deg&quot;,&quot;size&quot;:&quot;&quot;,&quot;sizes&quot;:[]},&quot;_transform_skewY_effect&quot;:{&quot;unit&quot;:&quot;px&quot;,&quot;size&quot;:&quot;&quot;,&quot;sizes&quot;:[]},&quot;_transform_skewY_effect_tablet&quot;:{&quot;unit&quot;:&quot;deg&quot;,&quot;size&quot;:&quot;&quot;,&quot;sizes&quot;:[]},&quot;_transform_skewY_effect_mobile&quot;:{&quot;unit&quot;:&quot;deg&quot;,&quot;size&quot;:&quot;&quot;,&quot;sizes&quot;:[]}}\" data-widget_type=\"image.default\">\n\t\t\t\t<div class=\"elementor-widget-container\">\n\t\t\t\t\t\t\t\t\t\t\t\t\t\t\t<img fetchpriority=\"high\" decoding=\"async\" width=\"640\" height=\"478\" src=\"https:\/\/xn--pay-dma.ar\/wp-content\/uploads\/2025\/05\/alfajor-dulce-dleche-partido-e1747438178380-1024x765.png\" class=\"attachment-large size-large wp-image-583\" alt=\"\" srcset=\"https:\/\/xn--pay-dma.ar\/wp-content\/uploads\/2025\/05\/alfajor-dulce-dleche-partido-e1747438178380-1024x765.png 1024w, https:\/\/xn--pay-dma.ar\/wp-content\/uploads\/2025\/05\/alfajor-dulce-dleche-partido-e1747438178380-300x224.png 300w, https:\/\/xn--pay-dma.ar\/wp-content\/uploads\/2025\/05\/alfajor-dulce-dleche-partido-e1747438178380-768x574.png 768w, https:\/\/xn--pay-dma.ar\/wp-content\/uploads\/2025\/05\/alfajor-dulce-dleche-partido-e1747438178380.png 1446w\" sizes=\"(max-width: 640px) 100vw, 640px\" \/>\t\t\t\t\t\t\t\t\t\t\t\t\t\t\t<\/div>\n\t\t\t\t<\/div>\n\t\t\t\t<\/div>\n\t\t\t\t<\/div>\n\t\t\t\t<\/div>\n\t\t\t\t<\/div>\n\t\t<div class=\"elementor-element elementor-element-db871c1 e-con-full e-flex e-con e-parent\" data-id=\"db871c1\" data-element_type=\"container\">\n\t\t<div class=\"elementor-element elementor-element-56c4304 e-con-full e-flex e-con e-child\" data-id=\"56c4304\" data-element_type=\"container\">\n\t\t\t\t<div class=\"elementor-element elementor-element-180770f elementor-invisible elementor-widget elementor-widget-heading\" data-id=\"180770f\" data-element_type=\"widget\" data-settings=\"{&quot;_animation&quot;:&quot;fadeInDown&quot;}\" data-widget_type=\"heading.default\">\n\t\t\t\t<div class=\"elementor-widget-container\">\n\t\t\t\t\t<h2 class=\"elementor-heading-title elementor-size-default\">Nuestros sabores<\/h2>\t\t\t\t<\/div>\n\t\t\t\t<\/div>\n\t\t\t\t<div class=\"elementor-element elementor-element-1a4b100 elementor-invisible elementor-widget elementor-widget-html\" data-id=\"1a4b100\" data-element_type=\"widget\" data-settings=\"{&quot;_animation&quot;:&quot;bounceInDown&quot;}\" data-widget_type=\"html.default\">\n\t\t\t\t<div class=\"elementor-widget-container\">\n\t\t\t\t\t<!-- Swiper CSS -->\n<link rel=\"stylesheet\" href=\"https:\/\/cdn.jsdelivr.net\/npm\/swiper@11\/swiper-bundle.min.css\"\/>\n\n<style>\n  .sabores-wrap{max-width:900px;margin:0 auto;padding:16px}\n  .swiper{width:100%;height:auto}\n  .slide-sabor{display:flex;gap:20px;align-items:center}\n  .slide-sabor img{width:42%;max-width:360px;height:auto;border-radius:8px;object-fit:cover}\n  .slide-sabor .texto{flex:1}\n  .slide-sabor h3{margin:0 0 .25em;font-size:1.6rem}\n  .slide-sabor p{margin:0 0 .5em;line-height:1.5}\n  .etiquetas{display:flex;gap:8px;flex-wrap:wrap;margin-top:.5em}\n  .etiquetas span{font-size:.85rem;border:1px solid #ddd;padding:.2em .5em;border-radius:999px}\n\n  \/* Flechas y paginaci\u00f3n *\/\n  .swiper-button-prev, .swiper-button-next{top:50%;transform:translateY(-50%)}\n  .swiper-pagination{position:static;margin-top:10px}\n\n  \/* Responsive: en m\u00f3vil, imagen arriba y texto abajo *\/\n  @media (max-width:768px){\n    .slide-sabor{flex-direction:column;align-items:flex-start}\n    .slide-sabor img{width:100%}\n  }\n<\/style>\n\n<div class=\"sabores-wrap\">\n  <div class=\"swiper\" aria-label=\"Carrusel de sabores de alfajores\">\n    <div class=\"swiper-wrapper\">\n\n      <!-- Slide 1 -->\n      <div class=\"swiper-slide\">\n        <div class=\"slide-sabor\">\n          <img decoding=\"async\" src=\"https:\/\/xn--pay-dma.ar\/wp-content\/uploads\/2025\/08\/dulce-ddl-y-ddl.png\">\n          <div class=\"texto\">\n            <h3>Pay\u00e9 de Dulce de Leche<\/h3>\n            <p>La cremosidad irresistible del dulce de leche. Un cl\u00e1sico infaltable que conquista en cada bocado.<\/p>\n           \n          <\/div>\n        <\/div>\n      <\/div>\n\n      <!-- Slide 2 -->\n      <div class=\"swiper-slide\">\n        <div class=\"slide-sabor\">\n          <img decoding=\"async\" src=\"https:\/\/xn--pay-dma.ar\/wp-content\/uploads\/2025\/08\/mandarina-y-alfa.png\">\n          <div class=\"texto\">\n            <h3>Pay\u00e9 de Mandarina<\/h3>\n            <p>El sabor de las siestas correntinas. La dulce frescura de la mandarina en armon\u00eda con el chocolate son la esencia de este alfajor hecho para conquistar.<\/p>\n           \n          <\/div>\n        <\/div>\n      <\/div>\n     \n\n      <!-- Slide 3 -->\n      <div class=\"swiper-slide\">\n        <div class=\"slide-sabor\">\n          <img decoding=\"async\" src=\"https:\/\/xn--pay-dma.ar\/wp-content\/uploads\/2025\/08\/mate-y-alfa-1.png\">\n          <div class=\"texto\">\n            <h3>Pay\u00e9 de Yerba Mate<\/h3>\n            <p>La compa\u00f1\u00eda de un buen mate tiene Pay\u00e9. Por eso quisimos reflejar el sabor del litoral en nuestros alfajores.<\/p>\n            \n          <\/div>\n        <\/div>\n      <\/div>\n\n<!-- Slide 4 -->\n      <div class=\"swiper-slide\">\n        <div class=\"slide-sabor\">\n          <img decoding=\"async\" src=\"https:\/\/xn--pay-dma.ar\/wp-content\/uploads\/2025\/08\/mamon-y-alfa-1.png\">\n          <div class=\"texto\">\n            <h3>Pay\u00e9 de Mam\u00f3n<\/h3>\n            <p>El particular y suave dulzor del mam\u00f3n, se combinan con las delicadas tapitas de f\u00e9cula de mandioca. Ingredientes naturales seleccionados con amor para dar vida a este alfajor.<\/p>\n           \n          <\/div>\n        <\/div>\n      <\/div>\n      \n      <!-- Slide 5 -->\n      <div class=\"swiper-slide\">\n        <div class=\"slide-sabor\">\n          <img decoding=\"async\" src=\"https:\/\/xn--pay-dma.ar\/wp-content\/uploads\/2025\/08\/blanco-ddl-conjunto.png\">\n          <div class=\"texto\">\n            <h3>Pay\u00e9 de Chocolate blanco<\/h3>\n            <p>La cremosidad irresistible del dulce de leche en armon\u00eda con el chocolate blanco, otro cl\u00e1sico infaltable que conquista en cada bocado.<\/p>\n           \n          <\/div>\n        <\/div>\n      <\/div>\n\n\n      <!-- Agreg\u00e1 m\u00e1s slides duplicando el bloque de arriba -->\n      \n    <\/div>\n\n    <!-- Flechas y paginaci\u00f3n -->\n    <div class=\"swiper-button-prev\" aria-label=\"Anterior\"><\/div>\n    <div class=\"swiper-button-next\" aria-label=\"Siguiente\"><\/div>\n    <div class=\"swiper-pagination\" aria-label=\"Paginaci\u00f3n\"><\/div>\n  <\/div>\n<\/div>\n\n<!-- Swiper JS -->\n<script src=\"https:\/\/cdn.jsdelivr.net\/npm\/swiper@11\/swiper-bundle.min.js\"><\/script>\n<script>\n  const swiper = new Swiper('.swiper', {\n    loop: true,\n    speed: 450,\n    slidesPerView: 1,\n    spaceBetween: 24,\n    navigation: {\n      nextEl: '.swiper-button-next',\n      prevEl: '.swiper-button-prev'\n    },\n    pagination: {\n      el: '.swiper-pagination',\n      clickable: true\n    },\n    keyboard: { enabled: true },\n    a11y: {\n      enabled: true,\n      prevSlideMessage: 'Anterior',\n      nextSlideMessage: 'Siguiente'\n    }\n  });\n<\/script>\n\t\t\t\t<\/div>\n\t\t\t\t<\/div>\n\t\t\t\t<div class=\"elementor-element elementor-element-9ca6d92 elementor-invisible elementor-widget elementor-widget-heading\" data-id=\"9ca6d92\" data-element_type=\"widget\" data-settings=\"{&quot;_animation&quot;:&quot;fadeInDown&quot;}\" data-widget_type=\"heading.default\">\n\t\t\t\t<div class=\"elementor-widget-container\">\n\t\t\t\t\t<h2 class=\"elementor-heading-title elementor-size-default\">El regalo perfecto<\/h2>\t\t\t\t<\/div>\n\t\t\t\t<\/div>\n\t\t\t\t<\/div>\n\t\t\t\t<\/div>\n\t\t<div class=\"elementor-element elementor-element-7845105 e-flex e-con-boxed e-con e-parent\" data-id=\"7845105\" data-element_type=\"container\">\n\t\t\t\t\t<div class=\"e-con-inner\">\n\t\t<div class=\"elementor-element elementor-element-e431a91 e-con-full e-flex e-con e-child\" data-id=\"e431a91\" data-element_type=\"container\">\n\t\t\t\t<div class=\"elementor-element elementor-element-fc0fc19 elementor-invisible elementor-widget elementor-widget-video\" data-id=\"fc0fc19\" data-element_type=\"widget\" data-settings=\"{&quot;video_type&quot;:&quot;hosted&quot;,&quot;autoplay&quot;:&quot;yes&quot;,&quot;play_on_mobile&quot;:&quot;yes&quot;,&quot;mute&quot;:&quot;yes&quot;,&quot;loop&quot;:&quot;yes&quot;,&quot;_animation&quot;:&quot;bounceInRight&quot;}\" data-widget_type=\"video.default\">\n\t\t\t\t<div class=\"elementor-widget-container\">\n\t\t\t\t\t\t\t<div class=\"e-hosted-video elementor-wrapper elementor-open-inline\">\n\t\t\t\t\t<video class=\"elementor-video\" src=\"https:\/\/xn--pay-dma.ar\/wp-content\/uploads\/2025\/08\/stop-motion-paye-final.mp4\" autoplay=\"\" loop=\"\" muted=\"muted\" playsinline=\"\" controlsList=\"nodownload\"><\/video>\n\t\t\t\t<\/div>\n\t\t\t\t\t\t<\/div>\n\t\t\t\t<\/div>\n\t\t\t\t<\/div>\n\t\t<div class=\"elementor-element elementor-element-b89fb88 e-con-full e-flex e-con e-child\" data-id=\"b89fb88\" data-element_type=\"container\">\n\t\t\t\t<div class=\"elementor-element elementor-element-246ea78 elementor-invisible elementor-widget elementor-widget-text-editor\" data-id=\"246ea78\" data-element_type=\"widget\" data-settings=\"{&quot;_animation&quot;:&quot;fadeInRight&quot;}\" data-widget_type=\"text-editor.default\">\n\t\t\t\t<div class=\"elementor-widget-container\">\n\t\t\t\t\t\t\t\t\t<p>Si est\u00e1s buscando algo para sorprender, <strong>Pay\u00e9<\/strong> es un alfajor perfecto para compartir con quienes m\u00e1s quer\u00e9s.<\/p><p>La magia de Corrientes en un bocado.<\/p><p>Hac\u00e9 tu pedido via WhatsApp.<\/p>\t\t\t\t\t\t\t\t<\/div>\n\t\t\t\t<\/div>\n\t\t\t\t<\/div>\n\t\t\t\t\t<\/div>\n\t\t\t\t<\/div>\n\t\t<div class=\"elementor-element elementor-element-3ecb6d4 e-flex e-con-boxed e-con e-parent\" data-id=\"3ecb6d4\" data-element_type=\"container\">\n\t\t\t\t\t<div class=\"e-con-inner\">\n\t\t<div class=\"elementor-element elementor-element-a83d24a e-con-full e-flex e-con e-child\" data-id=\"a83d24a\" data-element_type=\"container\">\n\t\t\t\t<div class=\"elementor-element elementor-element-4fbc0bd elementor-widget-tablet__width-initial elementor-invisible elementor-widget elementor-widget-image\" data-id=\"4fbc0bd\" data-element_type=\"widget\" data-settings=\"{&quot;_animation&quot;:&quot;slideInUp&quot;}\" data-widget_type=\"image.default\">\n\t\t\t\t<div class=\"elementor-widget-container\">\n\t\t\t\t\t\t\t\t\t\t\t\t\t\t\t<img decoding=\"async\" src=\"https:\/\/xn--pay-dma.ar\/wp-content\/uploads\/2025\/08\/logo-solo-sin-texto.png\" title=\"logo solo sin texto\" alt=\"logo solo sin texto\" loading=\"lazy\" \/>\t\t\t\t\t\t\t\t\t\t\t\t\t\t\t<\/div>\n\t\t\t\t<\/div>\n\t\t<div class=\"elementor-element elementor-element-80ea017 e-con-full e-flex elementor-invisible e-con e-child\" data-id=\"80ea017\" data-element_type=\"container\" data-settings=\"{&quot;background_background&quot;:&quot;classic&quot;,&quot;animation&quot;:&quot;slideInUp&quot;}\">\n\t\t<div class=\"elementor-element elementor-element-a0fd8f5 e-con-full e-flex elementor-invisible e-con e-child\" data-id=\"a0fd8f5\" data-element_type=\"container\" data-settings=\"{&quot;animation&quot;:&quot;fadeInDown&quot;}\">\n\t\t\t\t<div class=\"elementor-element elementor-element-46f95af elementor-widget elementor-widget-text-editor\" data-id=\"46f95af\" data-element_type=\"widget\" data-widget_type=\"text-editor.default\">\n\t\t\t\t<div class=\"elementor-widget-container\">\n\t\t\t\t\t\t\t\t\t<p>Pod\u00e9s comprar nuestros productos comunic\u00e1ndote por el link de WhatsApp.<\/p><p>Aceptamos pagos en efectivo, transferencia bancaria o Mercado Pago.<\/p><p>Acced\u00e9 a distintas promociones comprando por mayor.<\/p>\t\t\t\t\t\t\t\t<\/div>\n\t\t\t\t<\/div>\n\t\t\t\t<\/div>\n\t\t<div class=\"elementor-element elementor-element-abbef6d e-con-full e-flex elementor-invisible e-con e-child\" data-id=\"abbef6d\" data-element_type=\"container\" data-settings=\"{&quot;animation&quot;:&quot;fadeInRight&quot;}\">\n\t\t<div class=\"elementor-element elementor-element-b27633f e-con-full e-flex elementor-invisible e-con e-child\" data-id=\"b27633f\" data-element_type=\"container\" data-settings=\"{&quot;animation&quot;:&quot;fadeInDown&quot;}\">\n\t\t\t\t<div class=\"elementor-element elementor-element-01309be elementor-widget elementor-widget-text-editor\" data-id=\"01309be\" data-element_type=\"widget\" data-widget_type=\"text-editor.default\">\n\t\t\t\t<div class=\"elementor-widget-container\">\n\t\t\t\t\t\t\t\t\t<p>Contamos con env\u00edos, consultar precios seg\u00fan el \u00e1rea.<\/p><p>Alfajores realizados 100% artesanalmente por manos correntinas, con ingredientes elegidos cuidadosamente para brindarte el sabor del Pay\u00e9.<\/p>\t\t\t\t\t\t\t\t<\/div>\n\t\t\t\t<\/div>\n\t\t\t\t<\/div>\n\t\t\t\t<\/div>\n\t\t\t\t<\/div>\n\t\t\t\t<div class=\"elementor-element elementor-element-b16c0e4 elementor-invisible elementor-widget elementor-widget-heading\" data-id=\"b16c0e4\" data-element_type=\"widget\" data-settings=\"{&quot;_animation&quot;:&quot;slideInDown&quot;}\" data-widget_type=\"heading.default\">\n\t\t\t\t<div class=\"elementor-widget-container\">\n\t\t\t\t\t<h2 class=\"elementor-heading-title elementor-size-default\">Hecho en Corrientes.<\/h2>\t\t\t\t<\/div>\n\t\t\t\t<\/div>\n\t\t\t\t<\/div>\n\t\t\t\t\t<\/div>\n\t\t\t\t<\/div>\n\t\t<div class=\"elementor-element elementor-element-ff496d3 e-flex e-con-boxed e-con e-parent\" data-id=\"ff496d3\" data-element_type=\"container\">\n\t\t\t\t\t<div class=\"e-con-inner\">\n\t\t<div class=\"elementor-element elementor-element-3111830 e-con-full e-flex e-con e-child\" data-id=\"3111830\" data-element_type=\"container\">\n\t\t<div class=\"elementor-element elementor-element-8c160db e-con-full e-flex e-con e-child\" data-id=\"8c160db\" data-element_type=\"container\">\n\t\t\t\t<div class=\"elementor-element elementor-element-122e014 elementor-widget__width-initial elementor-invisible elementor-widget elementor-widget-heading\" data-id=\"122e014\" data-element_type=\"widget\" data-settings=\"{&quot;_animation&quot;:&quot;fadeInDown&quot;}\" data-widget_type=\"heading.default\">\n\t\t\t\t<div class=\"elementor-widget-container\">\n\t\t\t\t\t<h2 class=\"elementor-heading-title elementor-size-default\">Contacto<\/h2>\t\t\t\t<\/div>\n\t\t\t\t<\/div>\n\t\t\t\t<\/div>\n\t\t<div class=\"elementor-element elementor-element-a509b46 e-con-full e-flex elementor-invisible e-con e-child\" data-id=\"a509b46\" data-element_type=\"container\" data-settings=\"{&quot;animation&quot;:&quot;fadeInRight&quot;}\">\n\t\t<div class=\"elementor-element elementor-element-b4d27b8 e-con-full e-flex elementor-invisible e-con e-child\" data-id=\"b4d27b8\" data-element_type=\"container\" data-settings=\"{&quot;background_background&quot;:&quot;classic&quot;,&quot;animation&quot;:&quot;fadeInDown&quot;}\">\n\t\t\t\t<div class=\"elementor-element elementor-element-dd61cde elementor-view-default elementor-position-top elementor-mobile-position-top elementor-widget elementor-widget-icon-box\" data-id=\"dd61cde\" data-element_type=\"widget\" data-widget_type=\"icon-box.default\">\n\t\t\t\t<div class=\"elementor-widget-container\">\n\t\t\t\t\t\t\t<div class=\"elementor-icon-box-wrapper\">\n\n\t\t\t\t\t\t<div class=\"elementor-icon-box-icon\">\n\t\t\t\t<span  class=\"elementor-icon\">\n\t\t\t\t<i aria-hidden=\"true\" class=\"icon icon-phone-call1\"><\/i>\t\t\t\t<\/span>\n\t\t\t<\/div>\n\t\t\t\n\t\t\t\t\t\t<div class=\"elementor-icon-box-content\">\n\n\t\t\t\t\t\t\t\t\t<h3 class=\"elementor-icon-box-title\">\n\t\t\t\t\t\t<span  >\n\t\t\t\t\t\t\tCelular\t\t\t\t\t\t<\/span>\n\t\t\t\t\t<\/h3>\n\t\t\t\t\n\t\t\t\t\t\t\t\t\t<p class=\"elementor-icon-box-description\">\n\t\t\t\t\t\t+54 9 3794 25-1047\t\t\t\t\t<\/p>\n\t\t\t\t\n\t\t\t<\/div>\n\t\t\t\n\t\t<\/div>\n\t\t\t\t\t\t<\/div>\n\t\t\t\t<\/div>\n\t\t\t\t<\/div>\n\t\t<div class=\"elementor-element elementor-element-f2a0c48 e-con-full e-flex elementor-invisible e-con e-child\" data-id=\"f2a0c48\" data-element_type=\"container\" data-settings=\"{&quot;background_background&quot;:&quot;classic&quot;,&quot;animation&quot;:&quot;fadeInRight&quot;}\">\n\t\t\t\t<div class=\"elementor-element elementor-element-5aac310 elementor-view-default elementor-position-top elementor-mobile-position-top elementor-widget elementor-widget-icon-box\" data-id=\"5aac310\" data-element_type=\"widget\" data-widget_type=\"icon-box.default\">\n\t\t\t\t<div class=\"elementor-widget-container\">\n\t\t\t\t\t\t\t<div class=\"elementor-icon-box-wrapper\">\n\n\t\t\t\t\t\t<div class=\"elementor-icon-box-icon\">\n\t\t\t\t<span  class=\"elementor-icon\">\n\t\t\t\t<i aria-hidden=\"true\" class=\"icon icon-mail\"><\/i>\t\t\t\t<\/span>\n\t\t\t<\/div>\n\t\t\t\n\t\t\t\t\t\t<div class=\"elementor-icon-box-content\">\n\n\t\t\t\t\t\t\t\t\t<h3 class=\"elementor-icon-box-title\">\n\t\t\t\t\t\t<span  >\n\t\t\t\t\t\t\tEmail\t\t\t\t\t\t<\/span>\n\t\t\t\t\t<\/h3>\n\t\t\t\t\n\t\t\t\t\t\t\t\t\t<p class=\"elementor-icon-box-description\">\n\t\t\t\t\t\tinfo@pay\u00e9.ar\t\t\t\t\t<\/p>\n\t\t\t\t\n\t\t\t<\/div>\n\t\t\t\n\t\t<\/div>\n\t\t\t\t\t\t<\/div>\n\t\t\t\t<\/div>\n\t\t\t\t<\/div>\n\t\t\t\t<\/div>\n\t\t\t\t<\/div>\n\t\t\t\t\t<\/div>\n\t\t\t\t<\/div>\n\t\t\t\t<\/div>\n\t\t","protected":false},"excerpt":{"rendered":"<p>Corrientes tiene Pay\u00e9 En el coraz\u00f3n del litoral nace un alfajor distinto. &nbsp;Hecho a mano, con ingredientes nobles y sabores que cuentan historias: dulce de leche, mam\u00f3n, mandarina, yerba mate. Cada bocado es una conexi\u00f3n con lo nuestro, con lo que emociona.&nbsp; Pay\u00e9 es magia correntina hecha alfajor. Cada rinc\u00f3n de Corrientes guarda un encanto [&hellip;]<\/p>\n","protected":false},"author":1,"featured_media":0,"parent":0,"menu_order":0,"comment_status":"closed","ping_status":"closed","template":"elementor_header_footer","meta":{"footnotes":""},"class_list":["post-17","page","type-page","status-publish","hentry"],"_links":{"self":[{"href":"https:\/\/xn--pay-dma.ar\/index.php\/wp-json\/wp\/v2\/pages\/17","targetHints":{"allow":["GET"]}}],"collection":[{"href":"https:\/\/xn--pay-dma.ar\/index.php\/wp-json\/wp\/v2\/pages"}],"about":[{"href":"https:\/\/xn--pay-dma.ar\/index.php\/wp-json\/wp\/v2\/types\/page"}],"author":[{"embeddable":true,"href":"https:\/\/xn--pay-dma.ar\/index.php\/wp-json\/wp\/v2\/users\/1"}],"replies":[{"embeddable":true,"href":"https:\/\/xn--pay-dma.ar\/index.php\/wp-json\/wp\/v2\/comments?post=17"}],"version-history":[{"count":282,"href":"https:\/\/xn--pay-dma.ar\/index.php\/wp-json\/wp\/v2\/pages\/17\/revisions"}],"predecessor-version":[{"id":1031,"href":"https:\/\/xn--pay-dma.ar\/index.php\/wp-json\/wp\/v2\/pages\/17\/revisions\/1031"}],"wp:attachment":[{"href":"https:\/\/xn--pay-dma.ar\/index.php\/wp-json\/wp\/v2\/media?parent=17"}],"curies":[{"name":"wp","href":"https:\/\/api.w.org\/{rel}","templated":true}]}}